actor of y and 4.
4
Suppose -5*f = -27 - 28. Let c = f - 7. Let j(s) = -s**2 + 7*s - 2. Let p be j(5). What is the greatest common factor of p and c?
4
Let c(f) = -5*f + 1. Let z be c(-2). What is the greatest common factor of z and 88?
11
Suppose -2*f + 12 = -0*f. Let q be 26/6 - (-4)/f. Suppose -20 = -5*x - q*d, 8*x - 4*d = 3*x + 20. Calculate the greatest common factor of 20 and x.
4
Let o(h) = -h**3 - 2*h**2 - 2*h - 2. Let y be o(-2). Let k be y/7 - (-682)/14. Suppose -21*c - 4*c + 175 = 0. Calculate the highest common divisor of k and c.
7
Suppose 5*g = y + 162, g + 2*y - 30 = y. Calculate the greatest common divisor of 48 and g.
16
Let q(w) = w**3 - 4*w**2 - 2*w + 6. Let b be q(4). Let l be (-1)/(-1) - (-141 - b). What is the greatest common divisor of l and 14?
14
Let m(l) = -l**3 + 2*l**2 - 2*l + 3. Let f = -6 - -8. Let j be m(f). Let c be (-3)/((-3)/j) + 28. What is the greatest common factor of 18 and c?
9
Let q(p) be the second derivative of 3/2*p**2 + 0 + 5/2*p**3 + 2*p. Let t be q(3). What is the highest common factor of 12 and t?
12
Let b(d) = d**3 - 10*d**2 - 10*d + 13. Let f be b(11). What is the highest common factor of 24 and f?
24
Suppose -2*s + 12 = -0*l + 5*l, 2*s + 8 = 5*l. Suppose 4*t = -3*a + 6, -t + 4*t - 6 = -3*a. What is the highest common divisor of a and l?
2
Let f(g) = g + 5. Let m be f(7). Calculate the greatest common factor of 15 and m.
3
Let k = -8 + 20. Calculate the greatest common factor of 96 and k.
12
Let b = 0 + 12. Let c(r) = 2*r**2 - r + 3. Let k be c(3). What is the greatest common factor of b and k?
6
Suppose -13*a = -8*a - 50. Calculate the highest common factor of a and 90.
10
Suppose -2*w = 2*p - 103 + 93, -15 = -3*w + 3*p. Suppose -3*u - 20 = -155. What is the highest common factor of w and u?
5
Suppose 2*l - 4 = 2*n, 2*l + 3*n - 2 = 2. Let g be 63/4 + l/8. Suppose 2*u - 203 = 117. What is the highest common divisor of u and g?
16
Let p = -26 + 39. Calculate the highest common factor of 13 and p.
13
Suppose -w = -5 - 6. Let u = 15 - w. What is the highest common divisor of u and 10?
2
Suppose -2*j + 96 = -0*j. What is the greatest common factor of j and 12?
12
Let g(x) = 3*x**2 + 7*x. Suppose -4*w + 7*w + 2*l + 7 = 0, 5*l - 10 = -2*w. Let v be g(w). Let t = 10 - 2. What is the highest common divisor of t and v?
8
Let s(i) = -4*i - 20. Let b be s(-7). Calculate the greatest common divisor of 72 and b.
8
Suppose 4*l = 2*l - 42. Let a = 29 + l. Let z(c) = 13*c - 1. Let u be z(1). Calculate the greatest common divisor of u and a.
4
Let b(w) = 8*w + 3. Let f be b(6). Suppose 0 = j - p + 6*p - 44, 3*p = -4*j + 142. Calculate the greatest common divisor of j and f.
17
Suppose 0 = -3*h + 12, 0 = 5*j - 2*h - 0*h - 7. Suppose -3*q + 66 = j*l, 5*l - l - 88 = 2*q. Calculate the greatest common divisor of 2 and l.
2
Let x be 10912/110 + (-2)/10. What is the highest common divisor of 9 and x?
9
Suppose 3*m - 144 = -4*u, -5*u + 183 + 16 = -m. What is the greatest common factor of 26 and u?
13
Suppose 0*h - h = -14. What is the greatest common factor of h and 14?
14
Let j be ((-3)/(-2))/((-6)/(-88)). Let p(o) = 6*o - 3. Let c be p(-3). Let y = 34 - c. What is the greatest common divisor of j and y?
11
Let f = 72 + -28. Let m = -31 + f. Let l(o) = o**3 - 2*o**2 - 8*o - 5. Let q be l(6). Calculate the greatest common divisor of m and q.
13
Let v(l) = l**3 + 8*l**2 + l - 1. Let q be v(-8). Let f = 197 + q. Let i = -67 + f. What is the highest common divisor of i and 11?
11
Suppose 11*k + 160 = 1260. What is the highest common divisor of 40 and k?
20
Let i be (2 - 3)*(-4)/(-2). Let c be -1*i/(-2) - 1. Let f be (-1 - 11)*c/4. Calculate the highest common divisor of 54 and f.
6
Let a(u) = u**2 + 4*u - 3. Let r be a(-3). Let d = r + 10. Suppose 0 = d*o + 2*h - 57 - 1, h = 5*o - 69. Calculate the highest common divisor of 21 and o.
7
Suppose 4*n + 344 = 3*p - 206, 0 = 3*p - 3*n - 549. Let i = p - 83. Calculate the highest common divisor of 9 and i.
9
Suppose 213 = k - 6. Suppose 0*p - 5*p = -815. Suppose 2*u = v + p, 4*v - k = -3*u + 9. What is the highest common divisor of 10 and u?
10
Let w be 5/((-3)/6*-1). Let o = 0 - -5. Calculate the highest common divisor of w and o.
5
Suppose 18*t - 19*t = -56. Calculate the highest common factor of 8 and t.
8
Let k(n) = -n**3 - n - 3. Let y be k(-3). Let r = -4 - -16. Suppose 3*d - 15 = r. What is the highest common divisor of d and y?
9
Suppose 3*t + 5*i = 64, i - 4*i - 26 = -t. Let n be (0 - -1)*-1 + -10. Let x = n - -34. What is the greatest common factor of x and t?
23
Let k be 58 - (-5)/(15/(-6)). Calculate the highest common divisor of k and 7.
7
Let z be ((-8)/12)/((-2)/18). Calculate the highest common factor of z and 15.
3
Let d be -2*3/6 + (-2 - -23). What is the highest common factor of 30 and d?
10
Let p(a) = -a**3 - 5*a**2 - 8*a - 7. Let x be p(-5). Calculate the greatest common factor of 22 and x.
11
Let n be 2 + (2 - 4) + 52. Suppose 4*c - 428 = n. Suppose -2*p + 86 = 56. Calculate the highest common factor of p and c.
15
Let v be -1 + 12 + 3 + -6. Calculate the highest common factor of 1 and v.
1
Suppose 0*c - 605 = 5*c. Let u = -4 - c. Let p = -78 + u. Calculate the highest common factor of p and 13.
13
Let s = 8 - 5. Let v = 0 + s. What is the highest common divisor of v and 18?
3
Suppose -7*y + 2*y = -550. Suppose 2*s = 7*s - y. Let w = 28 - -5. What is the highest common divisor of w and s?
11
Suppose 0 = -5*v + 7 + 98. What is the greatest common divisor of 42 and v?
21
Let v(z) = -z**3 + 8*z**2 - 5*z - 9. Let x be v(7). What is the greatest common factor of x and 35?
5
Let a = 5 + 3. Let i = a - 4. Suppose -3*p - 5*o = -32, -o = i*p - 45 - 9. Calculate the highest common divisor of p and 98.
14
Let o be ((-35)/1 - -3)/(3/(-15)). Calculate the greatest common factor of 20 and o.
20
Let h(x) = 2*x + 14. Let z be h(-6). Suppose t - 2 = -3, 16 = z*m + 2*t. What is the greatest common divisor of m and 18?
9
Let f(a) = a**3 - 9*a**2 - 10*a + 2. Let i be f(10). Let z be (-85)/(-25) - i/5. Let p be ((-6)/4)/(2/(-28)). Calculate the highest common divisor of p and z.
3
Suppose -24 = -8*d + 16. Calculate the highest common factor of 55 and d.
5
Let r = -13 - -18. Let m = 5 - r. Suppose m = -5*s + 5*w + 20, -s - 4*s + 30 = 5*w. What is the greatest common factor of 10 and s?
5
Let w(g) = g**3 - g + 1. Let n be w(0). Let p be (-1)/n + (-57)/(-3). Suppose -73 = -3*k + 8. What is the greatest common factor of k and p?
9
Suppose 4*w - u - 28 = 0, 0 = 3*w - 0*u - 4*u - 21. Calculate the highest common factor of w and 7.
7
Let b(v) = -v**2 - 9*v - 9. Let u be b(-7). Let c = -1 + u. Suppose -q = q - 20. What is the highest common divisor of c and q?
2
Let f be (28/6)/(12/36). Calculate the highest common divisor of f and 154.
14
Suppose 52*h - 50*h = 32. Let b be ((-16)/(-6))/(1/3). What is the greatest common factor of h and b?
8
Suppose -14 - 1 = 5*o. Let t(c) = -2*c - 1. Let w be t(o). Calculate the greatest common divisor of w and 35.
5
Let a(f) = 2*f**3 - 6*f**2 - 6*f - 2. Let w be a(5). Suppose -4*i - 12 = 0, 0 = 5*n + 6*i - 2*i - w. What is the greatest common factor of 128 and n?
16
Suppose -2*k + 3*q = -99, 5*q - 8 = 2*k - 117. Suppose -k + 16 = -2*y. What is the greatest common factor of 104 and y?
13
Let g(p) = -13*p**3 - 2*p**2 + 0 - 1 + p + 11*p**3. Let r be g(-3). What is the greatest common divisor of 16 and r?
16
Let s = -107 - -167. Calculate the highest common factor of s and 40.
20
Let x be 10 + 590 + -2*1. Let d be 4/24 + x/12. Calculate the greatest common divisor of 10 and d.
10
Let r(f) = -f**2 + 6*f + 6. Let p be r(5). Let s = -5 + p. Suppose z = -3*z + 36. Calculate the highest common factor of s and z.
3
Let q be (-465)/(-35) + 2/(-7). Suppose a + 650 = 11*a. Calculate the highest common factor of q and a.
13
Let x be 2 + 1 + (-3)/3. Suppose 4 = 3*i - x*i. Suppose -s + 4 + 8 = 0. What is the greatest common factor of s and i?
4
Suppose -2*l = -7*l + 990. Let q(y) = y**3 + 12*y**2 - 14*y + 9. Let b be q(-13). What is the greatest common factor of b and l?
22
Suppose -2*m + 3*a = 33 - 5, -2*m - 2*a = 48. Let r = 28 + m. What is the highest common factor of r and 32?
8
Let z be 0 - (8/68 - 822/51). What is the greatest common factor of z and 40?
